 12) to base 10
-8
Convert 17 (base 14) to base 2.
10101
Convert 5a (base 14) to base 4.
1100
Convert -200 (base 8) to base 14.
-92
154 (base 11) to base 9
220
Convert 1 (base 9) to base 3.
1
Convert -49 (base 11) to base 7.
-104
403 (base 9) to base 6
1303
Convert 110 (base 5) to base 14.
22
Convert 1000 (base 2) to base 9.
8
Convert 202 (base 5) to base 8.
64
What is -3 (base 10) in base 6?
-3
556 (base 7) to base 14
166
Convert 53 (base 14) to base 8.
111
What is 18 (base 12) in base 2?
10100
What is -100 (base 2) in base 16?
-4
Convert 8 (base 16) to base 15.
8
13 (base 11) to base 4
32
-101 (base 3) to base 16
-a
What is 0 (base 15) in base 14?
0
Convert c (base 15) to base 10.
12
What is -6 (base 15) in base 9?
-6
Convert 10001 (base 2) to base 13.
14
1 (base 7) to base 12
1
-4 (base 13) to base 8
-4
What is -4 (base 12) in base 3?
-11
Convert -12 (base 4) to base 15.
-6
What is 11100110 (base 2) in base 14?
126
What is -8 (base 16) in base 13?
-8
Convert 1 (base 5) to base 12.
1
Convert -7 (base 15) to base 16.
-7
Convert 14 (base 10) to base 7.
20
What is -2a (base 13) in base 7?
-51
Convert -2033 (base 4) to base 6.
-355
20 (base 3) to base 12
6
What is -81 (base 9) in base 3?
-2201
Convert -16 (base 11) to base 7.
-23
Convert -10 (base 12) to base 3.
-110
What is 10 (base 2) in base 13?
2
What is -207 (base 8) in base 11?
-113
Convert 0 (base 15) to base 13.
0
What is e (base 16) in base 13?
11
What is 11 (base 5) in base 14?
6
Convert 3 (base 13) to base 12.
3
2 (base 12) to base 14
2
b (base 15) to base 13
b
Convert 5 (base 13) to base 8.
5
Convert -3 (base 14) to base 15.
-3
What is -36 (base 16) in base 13?
-42
What is -102 (base 3) in base 15?
-b
Convert 1 (base 8) to base 9.
1
What is 11011110 (base 2) in base 3?
22020
What is -3 (base 8) in base 14?
-3
-7 (base 14) to base 12
-7
Convert 243 (base 9) to base 10.
201
Convert 41 (base 8) to base 6.
53
Convert 11101011 (base 2) to base 12.
177
Convert 342 (base 6) to base 10.
134
Convert -b (base 12) to base 13.
-b
Convert 1011010 (base 2) to base 10.
90
What is -5 (base 10) in base 11?
-5
What is -2102 (base 3) in base 15?
-45
What is -2 (base 10) in base 9?
-2
Convert -94 (base 13) to base 15.
-81
Convert -4 (base 14) to base 16.
-4
Convert -212 (base 3) to base 6.
-35
What is 15 (base 11) in base 3?
121
Convert 10133 (base 4) to base 11.
241
-64 (base 13) to base 5
-312
What is -34 (base 6) in base 16?
-16
Convert 21 (base 3) to base 4.
13
What is -15 (base 11) in base 13?
-13
What is 201 (base 4) in base 5?
113
Convert -13 (base 10) to base 7.
-16
-2 (base 10) to base 8
-2
7 (base 12) to base 2
111
Convert -3 (base 5) to base 12.
-3
Convert -1a (base 16) to base 10.
-26
Convert -100 (base 4) to base 14.
-12
90 (base 15) to base 16
87
Convert -35 (base 8) to base 4.
-131
Convert 2 (base 14) to base 5.
2
What is 0 (base 8) in base 10?
0
Convert -27 (base 10) to base 6.
-43
What is -1234 (base 5) in base 15?
-ce
5 (base 9) to base 16
5
What is da (base 15) in base 3?
21121
What is -1411 (base 5) in base 9?
-276
Convert 2 (base 16) to base 8.
2
-d7 (base 16) to base 2
-11010111
-30 (base 14) to base 16
-2a
What is -5 (base 16) in base 4?
-11
Convert 1 (base 11) to base 10.
1
Convert -1 (base 16) to base 15.
-1
2a (base 11) to base 6
52
What is -98 (base 14) in base 5?
-1014
24 (base 14) to base 7
44
What is -343 (base 5) in base 15?
-68
What is -1 (base 3) in base 14?
-1
Convert -71 (base 12) to base 2.
-1010101
What is -105 (base 9) in base 5?
-321
What is 4 (base 14) in base 2?
100
Convert -4 (base 12) to base 4.
-10
Convert -102 (base 3) to base 10.
-11
1132 (base 4) to base 10
94
-21 (base 6) to base 2
-1101
Convert -2 (base 4) to base 8.
-2
Convert -3 (base 7) to base 15.
-3
What is 32 (base 16) in base 3?
1212
Convert 0 (base 4) to base 2.
0
What is 1210 (base 4) in base 2?
1100100
3 (base 4) to base 11
3
-1333 (base 4) to base 13
-9a
-18 (base 16) to base 7
-33
Convert 7 (base 11) to base 4.
13
What is 11110 (base 2) in base 13?
24
What is -2 (base 6) in base 4?
-2
Convert -43 (base 6) to base 4.
-123
-1222 (base 3) to base 10
-53
-2 (base 9) to base 10
-2
Convert -364 (base 8) to base 4.
-3310
Convert 112 (base 3) to base 12.
12
What is b (base 13) in base 9?
12
What is -31 (base 9) in base 3?
-1001
1 (base 13) to base 7
1
What is -79 (base 12) in base 7?
-162
What is -220 (base 3) in base 15?
-19
-6 (base 16) to base 11
-6
What is 14 (base 16) in base 2?
10100
-2143 (base 5) to base 9
-361
What is 6 (base 12) in base 8?
6
What is -2 (base 9) in base 12?
-2
-3 (base 15) to base 9
-3
What is 120 (base 3) in base 8?
17
Convert 1 (base 11) to base 5.
1
What is 1b2 (base 14) in base 6?
1344
What is 100 (base 2) in base 11?
4
What is 4 (base 5) in base 4?
10
-1010 (base 4) to base 2
-1000100
What is -a (base 11) in base 4?
-22
What is 98 (base 11) in base 16?
6b
What is 147 (base 10) in base 9?
173
1 (base 16) to base 5
1
Convert 0 (base 16) to base 5.
0
What is 2 (base 13) in base 15?
2
1 (base 11) to base 16
1
What is 12 (base 11) in base 4?
31
Convert -11 (base 6) to base 15.
-7
What is -12101 (base 3) in base 4?
-2101
Convert -105 (base 12) to base 9.
-175
Convert -58 (base 14) to base 10.
-78
3 (base 6) to base 8
3
What is 15 (base 16) in base 12?
19
What is -37 (base 8) in base 4?
-133
What is -2 (base 16) in base 7?
-2
-4 (base 5) to base 3
-11
Convert -1 (base 14) to base 12.
-1
Convert -2 (base 11) to base 3.
-2
What is 3 (base 12) in base 7?
3
-7 (base 14) to base 2
-111
31 (base 4) to base 5
23
What is -45 (base 9) in base 14?
-2d
-4 (base 8) to base 16
-4
Convert 1000 (base 2) to base 3.
22
What is 1122 (base 5) in base 3?
20000
2 (base 13) to base 16
2
-552 (base 7) to base 3
-101110
4 (base 9) to base 5
4
Convert 1a (base 16) to base 12.
22
What is 170 (base 11) in base 3?
21100
Convert 9 (base 12) to base 6.
13
Convert 18 (base 14) to base 16.
16
Convert 10110110 (base 2) to base 9.
222
20 (base 6) to base 16
c
Convert 1 (base 4) to base 8.
1
Convert 1 (base 5) to base 16.
1
Convert 2 (base 5) to base 14.
2
What is 26 (base 14) in base 2?
100010
Convert -2 (base 10) to base 5.
-2
Convert 2f (base 16) to base 7.
65
9 (base 12) to base 3
100
What is 21 (base 10) in base 12?
19
What is 26 (base 9) in base 11?
22
Convert 411 (base 9) to base 12.
23a
-4 (base 8) to base 13
-4
What is 7 (base 14) in base 6?
11
-100111 (base 2) to base 4
-213
-17 (base 9) to base 14
-12
-433 (base 5) to base 3
-11101
Convert 3 (base 4) to base 2.
11
302 (base 5) to base 4
1031
-2c (base 14) to base 7
-55
What is -201 (base 6) in base 9?
-81
0 (base 11) to base 12
0
Convert 110001 (base 2) to base 10.
49
-33 (base 13) to base 5
-132
What is -2 (base 3) in base 9?
-2
9 (base 13) to base 4
21
a (base 16) to base 6
14
What is 175 (base 14) in base 10?
299
Convert b (base 12) to base 2.
1011
38 (base 13) to base 11
43
144 (base 5) to base 4
301
What is -6 (base 15) in base 9?
-6
What is 148 (base 11) in base 5?
1143
What is 27 (base 11) in base 10?
29
What is -73 (base 8) in base 2?
-111011
Convert 15 (base 12) to base 3.
122
2 (base 16) to base 15
2
What is -4 (base 12) in base 11?
-4
What is -a (base 13) in base 7?
-13
What is 38 (base 12) in base 10?
44
Convert 201 (base 3) to base 13.
16
What is -3 (base 6) in base 9?
-3
What is 4 (base 11) in base 5?
4
What is 6 (base 12) in base 8?
6
What is -11 (base 3) in base 11?
-4
What is -7 (base 8) in base 11?
-7
-14 (base 6) to base 3
-101
Convert -1 (base 15) to base 8.
-1
122 (base 4) to base 14
1c
-47 (base 13) to base 7
-113
What is -10 (base 2) in base 13?
-2
Convert 4 (base 8) to base 15.
4
1201 (base 4) to base 12
81
48 (base 10) to base 3
1210
What is 6 (base 10) in base 4?
12
0 (base 3) to base 4
0
Convert 4 (base 5) to base 7.
4
-20000 (base 3) to base 7
-321
Convert 0 (base 15) to base 2.
0
4 (base 6) to base 4
10
What is 3 (base 12) in base 8?
3
Convert 4 (base 13) to base 14.
4
Convert 71 (base 14) to base 5.
344
-2 (base 11) to base 2
-10
-22221 (base 3) to base 11
-1aa
What is 0 (base 8) in base 4?
0
Convert 15c (base 13) to base 12.
186
Convert -5 (base 7) to base 6.
-5
What is -2002 (base 3) in base 5?
-211
What is 1 (base 12) in base 10?
1
What is 0 (base 2) in base 5?
0
-10021 (base 3) to base 6
-224
Convert 184 (base 9)